{"id":298,"date":"2023-05-02T08:11:08","date_gmt":"2023-05-02T08:11:08","guid":{"rendered":"https:\/\/www.nexesl.com\/servicios\/"},"modified":"2023-05-29T12:01:38","modified_gmt":"2023-05-29T12:01:38","slug":"servicios","status":"publish","type":"page","link":"https:\/\/www.nexesl.com\/ca\/servicios\/","title":{"rendered":"Serveis"},"content":{"rendered":"\n<div class=\"wp-block-group alignfull header-cover is-layout-constrained wp-block-group-is-layout-constrained\">\n<div class=\"wp-block-cover alignfull is-light header-cover__fondo\"><span aria-hidden=\"true\" class=\"wp-block-cover__background has-background-dim-0 has-background-dim\"><\/span><img loading=\"lazy\" decoding=\"async\" width=\"1920\" height=\"550\" class=\"wp-block-cover__image-background wp-image-41\" alt=\"Im\u00e1gen fondo NEXE\" src=\"\/wp-content\/uploads\/2023\/05\/panoramica-home.jpg\" data-object-fit=\"cover\" srcset=\"https:\/\/www.nexesl.com\/wp-content\/uploads\/2023\/05\/panoramica-home.jpg 1920w, https:\/\/www.nexesl.com\/wp-content\/uploads\/2023\/05\/panoramica-home-300x86.jpg 300w, https:\/\/www.nexesl.com\/wp-content\/uploads\/2023\/05\/panoramica-home-1024x293.jpg 1024w, https:\/\/www.nexesl.com\/wp-content\/uploads\/2023\/05\/panoramica-home-768x220.jpg 768w, https:\/\/www.nexesl.com\/wp-content\/uploads\/2023\/05\/panoramica-home-1536x440.jpg 1536w\" sizes=\"auto, (max-width: 1920px) 100vw, 1920px\" \/><div class=\"wp-block-cover__inner-container is-layout-flow wp-block-cover-is-layout-flow\">\n<div class=\"wp-block-group alignfull header-cover__texto has-primary-opacity-gradient-background has-background is-layout-constrained wp-block-group-is-layout-constrained\">\n<div class=\"wp-block-group aligncenter header-cover__texto-inner is-layout-constrained wp-block-group-is-layout-constrained\">\n<h1 class=\"wp-block-heading has-text-align-center header-cover__titulo has-white-color has-text-color\"><strong>Serveis<\/strong><\/h1>\n<\/div>\n<\/div>\n<\/div><\/div>\n<\/div>\n\n\n\n<div class=\"wp-block-group alignfull custom-breadcrumb is-layout-constrained wp-block-group-is-layout-constrained\" style=\"padding-top:1.5em;padding-bottom:1.5em\"><div style=\"--bb--crumb-gap:0.7em;\" class=\"custom-breadcrumb wp-block-boldblocks-breadcrumb-block\"><nav role=\"navigation\" aria-label=\"Breadcrumbs\" class=\"breadcrumb\"><ol class=\"breadcrumb-items\"><li class=\"breadcrumb-item breadcrumb-item--current breadcrumb-item--home\"><span class=\"breadcrumb-item-name\">Inicio<\/span><\/li><\/ol><\/nav><\/div><\/div>\n\n\n\n<div class=\"wp-block-group alignwide servicios-miniaturas is-layout-flex wp-block-group-is-layout-flex\">\n<div class=\"wp-block-group servicios-miniaturas__item is-layout-constrained wp-block-group-is-layout-constrained\"><a href=\"https:\/\/www.nexesl.com\/servicios\/alquiler-de-despachos\/\"    class=\"servicios-miniaturas__item__link wp-block-tiptip-hyperlink-group-block\" >\n<figure class=\"wp-block-image size-full servicios-miniaturas__item__imagen\"><img loading=\"lazy\" decoding=\"async\" width=\"480\" height=\"240\" src=\"https:\/\/www.nexesl.com\/wp-content\/uploads\/2023\/05\/miniatura-alquiler.jpg\" alt=\"\" class=\"wp-image-61\" srcset=\"https:\/\/www.nexesl.com\/wp-content\/uploads\/2023\/05\/miniatura-alquiler.jpg 480w, https:\/\/www.nexesl.com\/wp-content\/uploads\/2023\/05\/miniatura-alquiler-300x150.jpg 300w\" sizes=\"auto, (max-width: 480px) 100vw, 480px\" \/><\/figure>\n\n<div class=\"wp-block-group servicios-miniaturas__item__texto has-gray-light-secondary-background-color has-background is-layout-constrained wp-container-core-group-is-layout-15d373f0 wp-block-group-is-layout-constrained\" style=\"padding-top:1.5em;padding-right:1.5em;padding-bottom:1.5em;padding-left:1.5em\">\n<h4 class=\"wp-block-heading servicios-miniaturas__item__titulo has-small-font-size\">1. LLOGUER DE DESPATXOS<\/h4>\n\n\n\n<p class=\"servicios-miniaturas__item__descripcion has-tiny-font-size\">M\u00e9s de 8 despatxos amplis i lluminosos al centre de Granollers. Despatxos equipats amb la tecnologia m\u00e9s avan\u00e7ada i Serveis per satisfer les necessitats del seu negoci de manera immediata. La nostra ubicaci\u00f3 central, permet un f\u00e0cil acc\u00e9s per als seus empleats i clients. Vingui a veure\u2019ns i descobreixi com podem ajudar al seu negoci a cr\u00e9ixer i prosperar.<\/p>\n<\/div>\n<\/a><\/div>\n\n\n\n<div class=\"wp-block-group servicios-miniaturas__item is-layout-constrained wp-block-group-is-layout-constrained\"><a href=\"https:\/\/www.nexesl.com\/servicios\/domiciliacion-de-sociedades\/\"    class=\"servicios-miniaturas__item__link wp-block-tiptip-hyperlink-group-block\" >\n<figure class=\"wp-block-image size-full servicios-miniaturas__item__imagen\"><img loading=\"lazy\" decoding=\"async\" width=\"480\" height=\"240\" src=\"https:\/\/www.nexesl.com\/wp-content\/uploads\/2023\/05\/miniatura-domiciliacion.jpg\" alt=\"\" class=\"wp-image-71\" srcset=\"https:\/\/www.nexesl.com\/wp-content\/uploads\/2023\/05\/miniatura-domiciliacion.jpg 480w, https:\/\/www.nexesl.com\/wp-content\/uploads\/2023\/05\/miniatura-domiciliacion-300x150.jpg 300w\" sizes=\"auto, (max-width: 480px) 100vw, 480px\" \/><\/figure>\n\n<div class=\"wp-block-group servicios-miniaturas__item__texto has-gray-light-secondary-background-color has-background is-layout-constrained wp-container-core-group-is-layout-15d373f0 wp-block-group-is-layout-constrained\" style=\"padding-top:1.5em;padding-right:1.5em;padding-bottom:1.5em;padding-left:1.5em\">\n<h4 class=\"wp-block-heading servicios-miniaturas__item__titulo has-small-font-size\">2. DOMICILIACI\u00d3 DE SOCIETATS<\/h4>\n\n\n\n<p class=\"servicios-miniaturas__item__descripcion has-tiny-font-size\">Adquirir una bona domiciliaci\u00f3 d\u2019empresa al lloc adequat \u00e9s una prioritat i en NEXE CENTRE DE NEGOCIS obt\u00e9 un servei de qualitat i una imatge representativa a una de les zones de negocis m\u00e9s importants de la regi\u00f3.<\/p>\n<\/div>\n<\/a><\/div>\n\n\n\n<div class=\"wp-block-group servicios-miniaturas__item is-layout-constrained wp-block-group-is-layout-constrained\"><a href=\"https:\/\/www.nexesl.com\/servicios\/oficina-virtual\/\"    class=\"servicios-miniaturas__item__link wp-block-tiptip-hyperlink-group-block\" >\n<figure class=\"wp-block-image size-full servicios-miniaturas__item__imagen\"><img loading=\"lazy\" decoding=\"async\" width=\"480\" height=\"240\" src=\"https:\/\/www.nexesl.com\/wp-content\/uploads\/2023\/05\/miniatura-oficina-virtual.jpg\" alt=\"\" class=\"wp-image-73\" srcset=\"https:\/\/www.nexesl.com\/wp-content\/uploads\/2023\/05\/miniatura-oficina-virtual.jpg 480w, https:\/\/www.nexesl.com\/wp-content\/uploads\/2023\/05\/miniatura-oficina-virtual-300x150.jpg 300w\" sizes=\"auto, (max-width: 480px) 100vw, 480px\" \/><\/figure>\n\n<div class=\"wp-block-group servicios-miniaturas__item__texto has-gray-light-secondary-background-color has-background is-layout-constrained wp-container-core-group-is-layout-15d373f0 wp-block-group-is-layout-constrained\" style=\"padding-top:1.5em;padding-right:1.5em;padding-bottom:1.5em;padding-left:1.5em\">\n<h4 class=\"wp-block-heading servicios-miniaturas__item__titulo has-small-font-size\">3. OFICINA VIRTUAL<\/h4>\n\n\n\n<p class=\"servicios-miniaturas__item__descripcion has-tiny-font-size\">Atenci\u00f3 de trucades amb n\u00famero exclusiu i desviament quan vost\u00e8 no pugui atendre. Agenda, domiciliaci\u00f3 fiscal i professional. L&#8217;oficina la posem nosaltres.<\/p>\n<\/div>\n<\/a><\/div>\n\n\n\n<div class=\"wp-block-group servicios-miniaturas__item is-layout-constrained wp-block-group-is-layout-constrained\"><a href=\"https:\/\/www.nexesl.com\/servicios\/sala-de-reuniones\/\"    class=\"servicios-miniaturas__item__link wp-block-tiptip-hyperlink-group-block\" >\n<figure class=\"wp-block-image size-full servicios-miniaturas__item__imagen\"><img loading=\"lazy\" decoding=\"async\" width=\"480\" height=\"240\" src=\"https:\/\/www.nexesl.com\/wp-content\/uploads\/2023\/05\/miniatura-sala-reuniones.jpg\" alt=\"\" class=\"wp-image-75\" srcset=\"https:\/\/www.nexesl.com\/wp-content\/uploads\/2023\/05\/miniatura-sala-reuniones.jpg 480w, https:\/\/www.nexesl.com\/wp-content\/uploads\/2023\/05\/miniatura-sala-reuniones-300x150.jpg 300w\" sizes=\"auto, (max-width: 480px) 100vw, 480px\" \/><\/figure>\n\n<div class=\"wp-block-group servicios-miniaturas__item__texto has-gray-light-secondary-background-color has-background is-layout-constrained wp-container-core-group-is-layout-15d373f0 wp-block-group-is-layout-constrained\" style=\"padding-top:1.5em;padding-right:1.5em;padding-bottom:1.5em;padding-left:1.5em\">\n<h4 class=\"wp-block-heading servicios-miniaturas__item__titulo has-small-font-size\">4. SALA DE REUNIONS<\/h4>\n\n\n\n<p class=\"servicios-miniaturas__item__descripcion has-tiny-font-size\">Sala de juntes elegant i totalment equipada perqu\u00e8 les seves reunions de negocis siguin un \u00e8xit garantit, amb els Serveis administratius que necessiti i atenci\u00f3 personalitzada de les seves visites pel nostre personal qualificat.<\/p>\n<\/div>\n<\/a><\/div>\n\n\n\n<div class=\"wp-block-group servicios-miniaturas__item is-layout-constrained wp-block-group-is-layout-constrained\"><a href=\"https:\/\/www.nexesl.com\/servicios\/coworking-workspace\/\"    class=\"servicios-miniaturas__item__link wp-block-tiptip-hyperlink-group-block\" >\n<figure class=\"wp-block-image size-full servicios-miniaturas__item__imagen\"><img loading=\"lazy\" decoding=\"async\" width=\"480\" height=\"240\" src=\"https:\/\/www.nexesl.com\/wp-content\/uploads\/2023\/05\/miniatura-coworking.jpg\" alt=\"\" class=\"wp-image-77\" srcset=\"https:\/\/www.nexesl.com\/wp-content\/uploads\/2023\/05\/miniatura-coworking.jpg 480w, https:\/\/www.nexesl.com\/wp-content\/uploads\/2023\/05\/miniatura-coworking-300x150.jpg 300w\" sizes=\"auto, (max-width: 480px) 100vw, 480px\" \/><\/figure>\n\n<div class=\"wp-block-group servicios-miniaturas__item__texto has-gray-light-secondary-background-color has-background is-layout-constrained wp-container-core-group-is-layout-15d373f0 wp-block-group-is-layout-constrained\" style=\"padding-top:1.5em;padding-right:1.5em;padding-bottom:1.5em;padding-left:1.5em\">\n<h4 class=\"wp-block-heading servicios-miniaturas__item__titulo has-small-font-size\">5. COWORKING &amp; WORKSPACE<\/h4>\n\n\n\n<p class=\"servicios-miniaturas__item__descripcion has-tiny-font-size\">Espai obert compartit d&#8217;alt <em>standing<\/em>, ideals per a comen\u00e7ar com per a consolidar el seu negoci. Equipats amb tot el necessari perqu\u00e8 pugui comen\u00e7ar a treballar immediatament.<\/p>\n<\/div>\n<\/a><\/div>\n\n\n\n<div class=\"wp-block-group servicios-miniaturas__item is-layout-constrained wp-block-group-is-layout-constrained\"><a href=\"https:\/\/www.nexesl.com\/servicios\/servicios-auxiliares-administrativos\/\"    class=\"servicios-miniaturas__item__link wp-block-tiptip-hyperlink-group-block\" >\n<figure class=\"wp-block-image size-full servicios-miniaturas__item__imagen\"><img loading=\"lazy\" decoding=\"async\" width=\"480\" height=\"240\" src=\"https:\/\/www.nexesl.com\/wp-content\/uploads\/2023\/05\/miniatura-servicios-auxiliares.jpg\" alt=\"\" class=\"wp-image-79\" srcset=\"https:\/\/www.nexesl.com\/wp-content\/uploads\/2023\/05\/miniatura-servicios-auxiliares.jpg 480w, https:\/\/www.nexesl.com\/wp-content\/uploads\/2023\/05\/miniatura-servicios-auxiliares-300x150.jpg 300w\" sizes=\"auto, (max-width: 480px) 100vw, 480px\" \/><\/figure>\n\n<div class=\"wp-block-group servicios-miniaturas__item__texto has-gray-light-secondary-background-color has-background is-layout-constrained wp-container-core-group-is-layout-15d373f0 wp-block-group-is-layout-constrained\" style=\"padding-top:1.5em;padding-right:1.5em;padding-bottom:1.5em;padding-left:1.5em\">\n<h4 class=\"wp-block-heading servicios-miniaturas__item__titulo has-small-font-size\">6. SERVEIS AUXILIARS ADMINISTRATIUS<\/h4>\n\n\n\n<p class=\"servicios-miniaturas__item__descripcion has-tiny-font-size\">Capacitat de delegar feines al nostre personal administratiu qualificat, gesti\u00f3 de XXSS, gesti\u00f3 de dades, mecanografiats de textos, fotoc\u00f2pies\u2026<\/p>\n<\/div>\n<\/a><\/div>\n<\/div>\n","protected":false},"excerpt":{"rendered":"","protected":false},"author":1,"featured_media":0,"parent":0,"menu_order":5,"comment_status":"closed","ping_status":"closed","template":"","meta":{"_seopress_robots_primary_cat":"","_seopress_titles_title":"","_seopress_titles_desc":"","_seopress_robots_index":"","inline_featured_image":false,"footnotes":""},"class_list":["post-298","page","type-page","status-publish","hentry"],"_links":{"self":[{"href":"https:\/\/www.nexesl.com\/ca\/wp-json\/wp\/v2\/pages\/298","targetHints":{"allow":["GET"]}}],"collection":[{"href":"https:\/\/www.nexesl.com\/ca\/wp-json\/wp\/v2\/pages"}],"about":[{"href":"https:\/\/www.nexesl.com\/ca\/wp-json\/wp\/v2\/types\/page"}],"author":[{"embeddable":true,"href":"https:\/\/www.nexesl.com\/ca\/wp-json\/wp\/v2\/users\/1"}],"replies":[{"embeddable":true,"href":"https:\/\/www.nexesl.com\/ca\/wp-json\/wp\/v2\/comments?post=298"}],"version-history":[{"count":0,"href":"https:\/\/www.nexesl.com\/ca\/wp-json\/wp\/v2\/pages\/298\/revisions"}],"wp:attachment":[{"href":"https:\/\/www.nexesl.com\/ca\/wp-json\/wp\/v2\/media?parent=298"}],"curies":[{"name":"wp","href":"https:\/\/api.w.org\/{rel}","templated":true}]}}

<div class="wp-block-group alignfull header-cover is-layout-constrained wp-block-group-is-layout-constrained">
<div class="wp-block-cover alignfull is-light header-cover__fondo"><span aria-hidden="true" class="wp-block-cover__background has-background-dim-0 has-background-dim"></span><img loading="lazy" decoding="async" width="1920" height="550" class="wp-block-cover__image-background wp-image-41" alt="Imágen fondo NEXE" src="/wp-content/uploads/2023/05/panoramica-home.jpg" data-object-fit="cover" srcset="https://www.nexesl.com/wp-content/uploads/2023/05/panoramica-home.jpg 1920w, https://www.nexesl.com/wp-content/uploads/2023/05/panoramica-home-300x86.jpg 300w, https://www.nexesl.com/wp-content/uploads/2023/05/panoramica-home-1024x293.jpg 1024w, https://www.nexesl.com/wp-content/uploads/2023/05/panoramica-home-768x220.jpg 768w, https://www.nexesl.com/wp-content/uploads/2023/05/panoramica-home-1536x440.jpg 1536w" sizes="auto, (max-width: 1920px) 100vw, 1920px" /><div class="wp-block-cover__inner-container is-layout-flow wp-block-cover-is-layout-flow">
<div class="wp-block-group alignfull header-cover__texto has-primary-opacity-gradient-background has-background is-layout-constrained wp-block-group-is-layout-constrained">
<div class="wp-block-group aligncenter header-cover__texto-inner is-layout-constrained wp-block-group-is-layout-constrained">
<h1 class="wp-block-heading has-text-align-center header-cover__titulo has-white-color has-text-color"><strong>Serveis</strong></h1>
</div>
</div>
</div></div>
</div>



<div class="wp-block-group alignfull custom-breadcrumb is-layout-constrained wp-block-group-is-layout-constrained" style="padding-top:1.5em;padding-bottom:1.5em"><div style="--bb--crumb-gap:0.7em;" class="custom-breadcrumb wp-block-boldblocks-breadcrumb-block"><nav role="navigation" aria-label="Breadcrumbs" class="breadcrumb"><ol class="breadcrumb-items"><li class="breadcrumb-item breadcrumb-item--current breadcrumb-item--home"><span class="breadcrumb-item-name">Inicio</span></li></ol></nav></div></div>



<div class="wp-block-group alignwide servicios-miniaturas is-layout-flex wp-block-group-is-layout-flex">
<div class="wp-block-group servicios-miniaturas__item is-layout-constrained wp-block-group-is-layout-constrained"><a href="https://www.nexesl.com/servicios/alquiler-de-despachos/"    class="servicios-miniaturas__item__link wp-block-tiptip-hyperlink-group-block" >
<figure class="wp-block-image size-full servicios-miniaturas__item__imagen"><img loading="lazy" decoding="async" width="480" height="240" src="https://www.nexesl.com/wp-content/uploads/2023/05/miniatura-alquiler.jpg" alt="" class="wp-image-61" srcset="https://www.nexesl.com/wp-content/uploads/2023/05/miniatura-alquiler.jpg 480w, https://www.nexesl.com/wp-content/uploads/2023/05/miniatura-alquiler-300x150.jpg 300w" sizes="auto, (max-width: 480px) 100vw, 480px" /></figure>

<div class="wp-block-group servicios-miniaturas__item__texto has-gray-light-secondary-background-color has-background is-layout-constrained wp-container-core-group-is-layout-15d373f0 wp-block-group-is-layout-constrained" style="padding-top:1.5em;padding-right:1.5em;padding-bottom:1.5em;padding-left:1.5em">
<h4 class="wp-block-heading servicios-miniaturas__item__titulo has-small-font-size">1. LLOGUER DE DESPATXOS</h4>



<p class="servicios-miniaturas__item__descripcion has-tiny-font-size">Més de 8 despatxos amplis i lluminosos al centre de Granollers. Despatxos equipats amb la tecnologia més avançada i Serveis per satisfer les necessitats del seu negoci de manera immediata. La nostra ubicació central, permet un fàcil accés per als seus empleats i clients. Vingui a veure’ns i descobreixi com podem ajudar al seu negoci a créixer i prosperar.</p>
</div>
</a></div>



<div class="wp-block-group servicios-miniaturas__item is-layout-constrained wp-block-group-is-layout-constrained"><a href="https://www.nexesl.com/servicios/domiciliacion-de-sociedades/"    class="servicios-miniaturas__item__link wp-block-tiptip-hyperlink-group-block" >
<figure class="wp-block-image size-full servicios-miniaturas__item__imagen"><img loading="lazy" decoding="async" width="480" height="240" src="https://www.nexesl.com/wp-content/uploads/2023/05/miniatura-domiciliacion.jpg" alt="" class="wp-image-71" srcset="https://www.nexesl.com/wp-content/uploads/2023/05/miniatura-domiciliacion.jpg 480w, https://www.nexesl.com/wp-content/uploads/2023/05/miniatura-domiciliacion-300x150.jpg 300w" sizes="auto, (max-width: 480px) 100vw, 480px" /></figure>

<div class="wp-block-group servicios-miniaturas__item__texto has-gray-light-secondary-background-color has-background is-layout-constrained wp-container-core-group-is-layout-15d373f0 wp-block-group-is-layout-constrained" style="padding-top:1.5em;padding-right:1.5em;padding-bottom:1.5em;padding-left:1.5em">
<h4 class="wp-block-heading servicios-miniaturas__item__titulo has-small-font-size">2. DOMICILIACIÓ DE SOCIETATS</h4>



<p class="servicios-miniaturas__item__descripcion has-tiny-font-size">Adquirir una bona domiciliació d’empresa al lloc adequat és una prioritat i en NEXE CENTRE DE NEGOCIS obté un servei de qualitat i una imatge representativa a una de les zones de negocis més importants de la regió.</p>
</div>
</a></div>



<div class="wp-block-group servicios-miniaturas__item is-layout-constrained wp-block-group-is-layout-constrained"><a href="https://www.nexesl.com/servicios/oficina-virtual/"    class="servicios-miniaturas__item__link wp-block-tiptip-hyperlink-group-block" >
<figure class="wp-block-image size-full servicios-miniaturas__item__imagen"><img loading="lazy" decoding="async" width="480" height="240" src="https://www.nexesl.com/wp-content/uploads/2023/05/miniatura-oficina-virtual.jpg" alt="" class="wp-image-73" srcset="https://www.nexesl.com/wp-content/uploads/2023/05/miniatura-oficina-virtual.jpg 480w, https://www.nexesl.com/wp-content/uploads/2023/05/miniatura-oficina-virtual-300x150.jpg 300w" sizes="auto, (max-width: 480px) 100vw, 480px" /></figure>

<div class="wp-block-group servicios-miniaturas__item__texto has-gray-light-secondary-background-color has-background is-layout-constrained wp-container-core-group-is-layout-15d373f0 wp-block-group-is-layout-constrained" style="padding-top:1.5em;padding-right:1.5em;padding-bottom:1.5em;padding-left:1.5em">
<h4 class="wp-block-heading servicios-miniaturas__item__titulo has-small-font-size">3. OFICINA VIRTUAL</h4>



<p class="servicios-miniaturas__item__descripcion has-tiny-font-size">Atenció de trucades amb número exclusiu i desviament quan vostè no pugui atendre. Agenda, domiciliació fiscal i professional. L&#8217;oficina la posem nosaltres.</p>
</div>
</a></div>



<div class="wp-block-group servicios-miniaturas__item is-layout-constrained wp-block-group-is-layout-constrained"><a href="https://www.nexesl.com/servicios/sala-de-reuniones/"    class="servicios-miniaturas__item__link wp-block-tiptip-hyperlink-group-block" >
<figure class="wp-block-image size-full servicios-miniaturas__item__imagen"><img loading="lazy" decoding="async" width="480" height="240" src="https://www.nexesl.com/wp-content/uploads/2023/05/miniatura-sala-reuniones.jpg" alt="" class="wp-image-75" srcset="https://www.nexesl.com/wp-content/uploads/2023/05/miniatura-sala-reuniones.jpg 480w, https://www.nexesl.com/wp-content/uploads/2023/05/miniatura-sala-reuniones-300x150.jpg 300w" sizes="auto, (max-width: 480px) 100vw, 480px" /></figure>

<div class="wp-block-group servicios-miniaturas__item__texto has-gray-light-secondary-background-color has-background is-layout-constrained wp-container-core-group-is-layout-15d373f0 wp-block-group-is-layout-constrained" style="padding-top:1.5em;padding-right:1.5em;padding-bottom:1.5em;padding-left:1.5em">
<h4 class="wp-block-heading servicios-miniaturas__item__titulo has-small-font-size">4. SALA DE REUNIONS</h4>



<p class="servicios-miniaturas__item__descripcion has-tiny-font-size">Sala de juntes elegant i totalment equipada perquè les seves reunions de negocis siguin un èxit garantit, amb els Serveis administratius que necessiti i atenció personalitzada de les seves visites pel nostre personal qualificat.</p>
</div>
</a></div>



<div class="wp-block-group servicios-miniaturas__item is-layout-constrained wp-block-group-is-layout-constrained"><a href="https://www.nexesl.com/servicios/coworking-workspace/"    class="servicios-miniaturas__item__link wp-block-tiptip-hyperlink-group-block" >
<figure class="wp-block-image size-full servicios-miniaturas__item__imagen"><img loading="lazy" decoding="async" width="480" height="240" src="https://www.nexesl.com/wp-content/uploads/2023/05/miniatura-coworking.jpg" alt="" class="wp-image-77" srcset="https://www.nexesl.com/wp-content/uploads/2023/05/miniatura-coworking.jpg 480w, https://www.nexesl.com/wp-content/uploads/2023/05/miniatura-coworking-300x150.jpg 300w" sizes="auto, (max-width: 480px) 100vw, 480px" /></figure>

<div class="wp-block-group servicios-miniaturas__item__texto has-gray-light-secondary-background-color has-background is-layout-constrained wp-container-core-group-is-layout-15d373f0 wp-block-group-is-layout-constrained" style="padding-top:1.5em;padding-right:1.5em;padding-bottom:1.5em;padding-left:1.5em">
<h4 class="wp-block-heading servicios-miniaturas__item__titulo has-small-font-size">5. COWORKING &amp; WORKSPACE</h4>



<p class="servicios-miniaturas__item__descripcion has-tiny-font-size">Espai obert compartit d&#8217;alt <em>standing</em>, ideals per a començar com per a consolidar el seu negoci. Equipats amb tot el necessari perquè pugui començar a treballar immediatament.</p>
</div>
</a></div>



<div class="wp-block-group servicios-miniaturas__item is-layout-constrained wp-block-group-is-layout-constrained"><a href="https://www.nexesl.com/servicios/servicios-auxiliares-administrativos/"    class="servicios-miniaturas__item__link wp-block-tiptip-hyperlink-group-block" >
<figure class="wp-block-image size-full servicios-miniaturas__item__imagen"><img loading="lazy" decoding="async" width="480" height="240" src="https://www.nexesl.com/wp-content/uploads/2023/05/miniatura-servicios-auxiliares.jpg" alt="" class="wp-image-79" srcset="https://www.nexesl.com/wp-content/uploads/2023/05/miniatura-servicios-auxiliares.jpg 480w, https://www.nexesl.com/wp-content/uploads/2023/05/miniatura-servicios-auxiliares-300x150.jpg 300w" sizes="auto, (max-width: 480px) 100vw, 480px" /></figure>

<div class="wp-block-group servicios-miniaturas__item__texto has-gray-light-secondary-background-color has-background is-layout-constrained wp-container-core-group-is-layout-15d373f0 wp-block-group-is-layout-constrained" style="padding-top:1.5em;padding-right:1.5em;padding-bottom:1.5em;padding-left:1.5em">
<h4 class="wp-block-heading servicios-miniaturas__item__titulo has-small-font-size">6. SERVEIS AUXILIARS ADMINISTRATIUS</h4>



<p class="servicios-miniaturas__item__descripcion has-tiny-font-size">Capacitat de delegar feines al nostre personal administratiu qualificat, gestió de XXSS, gestió de dades, mecanografiats de textos, fotocòpies…</p>
</div>
</a></div>
</div>
